{"id":31,"date":"2018-02-28T20:47:45","date_gmt":"2018-02-28T19:47:45","guid":{"rendered":"http:\/\/www.sivomdes3vallees.fr\/?page_id=31"},"modified":"2024-04-30T12:34:36","modified_gmt":"2024-04-30T10:34:36","slug":"le-mot-de-la-presidente","status":"publish","type":"page","link":"https:\/\/www.sivomdes3vallees.fr\/index.php\/a-propos-de\/le-mot-de-la-presidente\/","title":{"rendered":"Le mot de la Pr\u00e9sidente"},"content":{"rendered":"<p><img loading=\"lazy\" decoding=\"async\" class=\"size-medium wp-image-1291 alignleft\" src=\"https:\/\/www.sivomdes3vallees.fr\/wp-content\/uploads\/10445934_520334021439661_531573421189498645_n-300x300.jpg\" alt=\"\" width=\"300\" height=\"300\" srcset=\"https:\/\/www.sivomdes3vallees.fr\/wp-content\/uploads\/10445934_520334021439661_531573421189498645_n-300x300.jpg 300w, https:\/\/www.sivomdes3vallees.fr\/wp-content\/uploads\/10445934_520334021439661_531573421189498645_n-80x80.jpg 80w, https:\/\/www.sivomdes3vallees.fr\/wp-content\/uploads\/10445934_520334021439661_531573421189498645_n-768x768.jpg 768w, https:\/\/www.sivomdes3vallees.fr\/wp-content\/uploads\/10445934_520334021439661_531573421189498645_n-36x36.jpg 36w, https:\/\/www.sivomdes3vallees.fr\/wp-content\/uploads\/10445934_520334021439661_531573421189498645_n-180x180.jpg 180w, https:\/\/www.sivomdes3vallees.fr\/wp-content\/uploads\/10445934_520334021439661_531573421189498645_n-705x705.jpg 705w, https:\/\/www.sivomdes3vallees.fr\/wp-content\/uploads\/10445934_520334021439661_531573421189498645_n-120x120.jpg 120w, https:\/\/www.sivomdes3vallees.fr\/wp-content\/uploads\/10445934_520334021439661_531573421189498645_n-450x450.jpg 450w, https:\/\/www.sivomdes3vallees.fr\/wp-content\/uploads\/10445934_520334021439661_531573421189498645_n.jpg 854w\" sizes=\"auto, (max-width: 300px) 100vw, 300px\" \/><\/p>\n<p>Chers internautes,<\/p>\n<p>Mes coll\u00e8gues et moi-m\u00eame vous souhaitons la bienvenue sur le site internet du SIVOM des Trois Vall\u00e9es qui regroupe les communes de Colombelles, Cormelles-le-Royal, Cuverville, Giberville et Mondeville.<\/p>\n<p>J\u2019esp\u00e8re que vous trouverez sur ce site toutes les informations recherch\u00e9es dans les domaines de comp\u00e9tences du syndicat. Vous acc\u00e9derez notamment facilement aux disciplines enseign\u00e9es par notre \u00e9cole de musique et de danse, aux manifestations culturelles qu\u2019elle propose tout au long de l\u2019ann\u00e9e ainsi qu\u2019aux horaires et tarifs des piscines de Colombelles et de Mondeville.<\/p>\n<p>Pour vous rep\u00e9rer sur le territoire intercommunal, et notamment identifier les diff\u00e9rents lieux de cours de musique et de danse, des plans d\u2019acc\u00e8s sont \u00e0 votre disposition.<\/p>\n<p>Bonne navigation.<\/p>\n<p>H\u00e9l\u00e8ne BURGAT,<br \/>\nPr\u00e9sidente du SIVOM, Maire de Mondeville<\/p>\n","protected":false},"excerpt":{"rendered":"<p>Chers internautes, Mes coll\u00e8gues et moi-m\u00eame vous souhaitons la bienvenue sur le site internet du SIVOM des Trois Vall\u00e9es qui regroupe les communes de Colombelles, Cormelles-le-Royal, Cuverville, Giberville et Mondeville. [&hellip;]<\/p>\n","protected":false},"author":4,"featured_media":0,"parent":6040,"menu_order":6,"comment_status":"closed","ping_status":"closed","template":"","meta":{"footnotes":""},"class_list":["post-31","page","type-page","status-publish","hentry"],"_links":{"self":[{"href":"https:\/\/www.sivomdes3vallees.fr\/index.php\/wp-json\/wp\/v2\/pages\/31","targetHints":{"allow":["GET"]}}],"collection":[{"href":"https:\/\/www.sivomdes3vallees.fr\/index.php\/wp-json\/wp\/v2\/pages"}],"about":[{"href":"https:\/\/www.sivomdes3vallees.fr\/index.php\/wp-json\/wp\/v2\/types\/page"}],"author":[{"embeddable":true,"href":"https:\/\/www.sivomdes3vallees.fr\/index.php\/wp-json\/wp\/v2\/users\/4"}],"replies":[{"embeddable":true,"href":"https:\/\/www.sivomdes3vallees.fr\/index.php\/wp-json\/wp\/v2\/comments?post=31"}],"version-history":[{"count":6,"href":"https:\/\/www.sivomdes3vallees.fr\/index.php\/wp-json\/wp\/v2\/pages\/31\/revisions"}],"predecessor-version":[{"id":6044,"href":"https:\/\/www.sivomdes3vallees.fr\/index.php\/wp-json\/wp\/v2\/pages\/31\/revisions\/6044"}],"up":[{"embeddable":true,"href":"https:\/\/www.sivomdes3vallees.fr\/index.php\/wp-json\/wp\/v2\/pages\/6040"}],"wp:attachment":[{"href":"https:\/\/www.sivomdes3vallees.fr\/index.php\/wp-json\/wp\/v2\/media?parent=31"}],"curies":[{"name":"wp","href":"https:\/\/api.w.org\/{rel}","templated":true}]}}