{"id":45,"date":"2018-02-28T20:50:39","date_gmt":"2018-02-28T19:50:39","guid":{"rendered":"http:\/\/www.sivomdes3vallees.fr\/?page_id=45"},"modified":"2025-08-25T12:02:18","modified_gmt":"2025-08-25T10:02:18","slug":"musiques-collectives","status":"publish","type":"page","link":"https:\/\/www.sivomdes3vallees.fr\/index.php\/lecole-de-musique-et-de-danse\/musiques-collectives\/","title":{"rendered":"Education Artistique et Culturelle"},"content":{"rendered":"<div   class='hr hr-default   avia-builder-el-0  el_before_av_textblock  avia-builder-el-first '><span class='hr-inner ' ><span class='hr-inner-style'><\/span><\/span><\/div>\n<section class=\"av_textblock_section \"  itemscope=\"itemscope\" itemtype=\"https:\/\/schema.org\/CreativeWork\" ><div class='avia_textblock  '   itemprop=\"text\" ><p>Un \u00e9tablissement d&rsquo;enseignement artistique n&rsquo;a pas pour seule activit\u00e9 l&rsquo;enseignement de la musique et de la danse au sein de ses locaux sur le temps extra-scolaire. Il rayonne \u00e9galement sur le territoire par le biais d&rsquo;actions \u00e9ducatives lors d&rsquo;\u00e9v\u00e8nements locaux, durant l&rsquo;ann\u00e9e scolaires dans les \u00e9tablissements scolaires, et\/ou lors de projets sp\u00e9cifiques inter-structures.<\/p>\n<h2 style=\"text-align: center;\"><strong>Des interventions en milieu scolaire<\/strong><\/h2>\n<p>Le Conservatoire du SIVOM est pr\u00e9sent chaque ann\u00e9e, gr\u00e2ce \u00e0 ses intervenants en milieu scolaire, dans l&rsquo;ensemble des \u00e9coles du territoire en musique ou en danse. Ce sont donc plus de 2000 \u00e9l\u00e8ves (maternelle et primaire) b\u00e9n\u00e9ficiant de ce dispositif, premi\u00e8re \u00e9tape de leur sensibilisation \u00e0 l&rsquo;art par l&rsquo;art.<\/p>\n<p>Le p\u00f4le Handicap intervient \u00e9galement au sein des classes ULIS et unit\u00e9 Autisme du territoire en musique adapt\u00e9e chaque ann\u00e9e.<\/p>\n<p>Intervenantes musique : Sophie Cadet et Corinne Picouleau<\/p>\n<p>Intervenant danse : Arnaud Chapus<\/p>\n<p>Intervenante Musique adapt\u00e9e : Christine Miquel<\/p>\n<h2 style=\"text-align: center;\"><strong>Dispositif Eclats de Danse<\/strong><\/h2>\n<p>Fort d\u2019un d\u00e9partement Danse proposant l\u2019enseignement de trois disciplines chor\u00e9graphiques (Classique, Contemporain et Jazz), le Conservatoire du SIVOM des Trois Vall\u00e9es m\u00e8ne, dans le cadre de sa mission d\u2019EAC, un projet de cr\u00e9ation du dispositif Eclats de Danse, unique sur le D\u00e9partement du Calvados, men\u00e9 en partenariat avec l\u2019\u00e9quipe p\u00e9dagogique de l\u2019\u00e9cole primaire et l\u2019Education Nationale.<\/p>\n<p>Se diff\u00e9renciant d\u2019un projet scolaire g\u00e9n\u00e9ralement sur 10 s\u00e9ances, le Dispositif Eclats de Danse s\u2019adresse \u00e0 des \u00e9l\u00e8ves de CE1 et CE2 regroup\u00e9s en un effectif classe de 24-28 \u00e9l\u00e8ves souhaitant pratiquer la danse sur une ann\u00e9e scolaire.<\/p>\n<p>Lors de cette ann\u00e9e scolaire, les \u00e9l\u00e8ves volontaires b\u00e9n\u00e9ficie d&rsquo;une heure de cours de danse hebdomadaire (en classique ou en contemporain), au sein du Conservatoire, et pourront participer \u00e0 diff\u00e9rents projets propos\u00e9s tout au long de l\u2019ann\u00e9e par les partenaires du dispositif.<\/p>\n<p>Ecole b\u00e9n\u00e9ficiaire 2025-2026 : Ecole des Tilleuls (Mondeville)<\/p>\n<h2 style=\"text-align: center;\"><strong>La semaine d\u00e9couverte Musique et Danse<\/strong><\/h2>\n<p>Chaque ann\u00e9e, 2 classes de CE1-CE2 (soit environ une cinquantaine d&rsquo;\u00e9l\u00e8ves) participent \u00e0 la semaine d\u00e9couverte Musique et Danse au Conservatoire. Dispositif d&rsquo;Education Artistique et Culturel insuffl\u00e9 par le Conservatoire, cette semaine d\u00e9couverte permet aux \u00e9l\u00e8ves de s&rsquo;initier \u00e0 l&rsquo;ensemble des disciplines musique et danse enseign\u00e9es au sein de l&rsquo;\u00e9tablissement, le tout dans une ambiance ludique et de d\u00e9tente sur 4 jours de juin.<\/p>\n<h2 style=\"text-align: center;\"><strong>Concert P\u00e9dagogique<\/strong><\/h2>\n<p>Lors de la derni\u00e8re semaine de l&rsquo;ann\u00e9e scolaire, l&rsquo;Harmonie Junior du Conservatoire prend ses quartiers dans l&rsquo;une des \u00e9coles du territoire pour un moment de partage et de d\u00e9couverte des instruments de musique sous la forme d&rsquo;un concert p\u00e9dagogique.<\/p>\n<h2 style=\"text-align: center;\"><strong>Cycle d\u00e9couverte de la danse Jazz<\/strong><\/h2>\n<p>Afin de permettre au plus grand nombre de d\u00e9couvrir la pratique chor\u00e9graphique, le Conservatoire m\u00e8ne depuis septembre 2024 un cycle de sensibilisation \u00e0 la danse en accueils de loisirs. A hauteur d\u2019une heure de danse par semaine sur une p\u00e9riode scolaire, les enfants b\u00e9n\u00e9ficient d\u2019une introduction \u00e0 la danse jazz et pourront, s\u2019ils le souhaitent, continuer la danse au sein du CRI en int\u00e9grant les classes de danse.<\/p>\n<\/div><\/section>\n<div  class='avia-button-wrap avia-button-center  avia-builder-el-2  el_after_av_textblock  avia-builder-el-last ' ><a href='http:\/\/facebook.com\/conservatoire3vallees'  class='avia-button  avia-color-blue   avia-icon_select-yes-left-icon avia-size-x-large avia-position-center '   ><span class='avia_button_icon avia_button_icon_left ' aria-hidden='true' data-av_icon='\ue8f5' data-av_iconfont='entypo-fontello'><\/span><span class='avia_iconbox_title' >Facebook<\/span><\/a><\/div>\n","protected":false},"excerpt":{"rendered":"","protected":false},"author":4,"featured_media":527,"parent":15,"menu_order":4,"comment_status":"closed","ping_status":"closed","template":"","meta":{"footnotes":""},"class_list":["post-45","page","type-page","status-publish","has-post-thumbnail","hentry"],"_links":{"self":[{"href":"https:\/\/www.sivomdes3vallees.fr\/index.php\/wp-json\/wp\/v2\/pages\/45","targetHints":{"allow":["GET"]}}],"collection":[{"href":"https:\/\/www.sivomdes3vallees.fr\/index.php\/wp-json\/wp\/v2\/pages"}],"about":[{"href":"https:\/\/www.sivomdes3vallees.fr\/index.php\/wp-json\/wp\/v2\/types\/page"}],"author":[{"embeddable":true,"href":"https:\/\/www.sivomdes3vallees.fr\/index.php\/wp-json\/wp\/v2\/users\/4"}],"replies":[{"embeddable":true,"href":"https:\/\/www.sivomdes3vallees.fr\/index.php\/wp-json\/wp\/v2\/comments?post=45"}],"version-history":[{"count":17,"href":"https:\/\/www.sivomdes3vallees.fr\/index.php\/wp-json\/wp\/v2\/pages\/45\/revisions"}],"predecessor-version":[{"id":7315,"href":"https:\/\/www.sivomdes3vallees.fr\/index.php\/wp-json\/wp\/v2\/pages\/45\/revisions\/7315"}],"up":[{"embeddable":true,"href":"https:\/\/www.sivomdes3vallees.fr\/index.php\/wp-json\/wp\/v2\/pages\/15"}],"wp:featuredmedia":[{"embeddable":true,"href":"https:\/\/www.sivomdes3vallees.fr\/index.php\/wp-json\/wp\/v2\/media\/527"}],"wp:attachment":[{"href":"https:\/\/www.sivomdes3vallees.fr\/index.php\/wp-json\/wp\/v2\/media?parent=45"}],"curies":[{"name":"wp","href":"https:\/\/api.w.org\/{rel}","templated":true}]}}